 remainder when 2477 is divided by m(-50)?
65
Suppose 0 = 10*n - 6*n - 72. Let d(o) = -o**2 + 5*o + 5. What is the remainder when n is divided by d(5)?
3
Suppose 112 = -p + 5*p. What is the remainder when (-2812)/(-38)*(-1)/((-2)/3) is divided by p?
27
Suppose -5*h = -2*y + 27, 5*y - 3*h + 11 = 50. Let k(j) = -4*j + 1 - 5 + 3. What is the remainder when k(-4) is divided by y?
3
Let p = 211 + -204. What is the remainder when ((-32)/(-3) + -2)*3 is divided by p?
5
Suppose -a = -c - 5*a + 28, -5*c + 44 = -4*a. What is the remainder when (0 + (-4)/6)*-48 is divided by c?
8
Let k(x) = 46*x**2 - 4*x - 22. What is the remainder when k(-3) is divided by 14?
12
Let s(c) = 3*c - 3. Let q be s(4). Suppose 0 = l + 87 + q. Let g = -35 - l. Calculate the remainder when g is divided by 21.
19
Suppose 19*f - 17*f + 27 = j, 3*f = -12. Calculate the remainder when 55 is divided by j.
17
Let w(q) = -q**2 + 8*q + 16. What is the remainder when 70 is divided by w(6)?
14
Let n = -3 + 21. What is the remainder when (-17)/2*-4 - ((-231)/(-21))/(-11) is divided by n?
17
Let i(d) = 3*d - 1. Let s(r) = r**2 - 8*r + 6. Let w be s(5). Let x = -7 - w. Calculate the remainder when 18 is divided by i(x).
3
Let d = 267 - 227. Calculate the remainder when 150 is divided by d.
30
Suppose 1 = -3*g + 49. Suppose g = 3*b + 5*d, -d + 6*d + 26 = 3*b. What is the remainder when 21 is divided by b?
0
Suppose 5*r = 1939 - 84. Suppose 8*n - n - r = 0. What is the remainder when n is divided by 18?
17
Suppose 0*v = -10*v + 1420. What is the remainder when v is divided by 30?
22
Let u be 37/2 - 3/(-2). Suppose -58 + u = -2*r + 3*t, 56 = 3*r - 5*t. Suppose -2*v + 205 = 31. What is the remainder when v is divided by r?
21
Suppose 18 = -z + 3*z. Suppose -192 = n - z*n. What is the remainder when n is divided by 13 + (1 - (-1 + 2))?
11
Suppose -18*g + 14*g = -12. Suppose 2*d + 3 = 7, -5*d + 328 = g*v. What is the remainder when v is divided by 27?
25
Let a = 627 + -513. Calculate the remainder when a is divided by 42.
30
Suppose 12*h = 14*h. Suppose h = 4*d + d - 10. Suppose l + z - 4 + 1 = 0, 3*z - 11 = -4*l. Calculate the remainder when d is divided by l.
0
Suppose -4*x - 2*x - 30 = 0. Let b = x + 3. What is the remainder when b/(-10) - 3082/(-115) is divided by 7?
6
Let u(w) = 3*w**2 + 21*w + 4. Let k(q) = 7*q**2 + 43*q + 8. Let s(f) = 4*k(f) - 9*u(f). What is the remainder when 41 is divided by s(18)?
13
Calculate the remainder when 323 - -3*(-32)/(-12) is divided by 16.
11
Let w(h) = 2*h**3 - h**2 - h - 3. Let z be w(-4). Suppose -4*g = -20 + 8, 0 = 2*l - 3*g - 479. Let r = l + z. Calculate the remainder when r is divided by 17.
16
Let v be 4 + 1 + (0 - 2). Let q = v - -10. Calculate the remainder when (-269)/(-7) - 12/28 is divided by q.
12
Let u(l) = -12*l + 109. What is the remainder when 69 is divided by u(7)?
19
Let r = 319 - 280. Calculate the remainder when 91 is divided by r.
13
Let s(w) = -w**3 - 19*w**2 - 19*w - 1. What is the remainder when 44 is divided by s(-18)?
10
What is the remainder when 6/((-48)/8) + 575 is divided by 8?
6
Let z = 912 + -875. What is the remainder when z is divided by 17?
3
What is the remainder when 4 is divided by 66/24 + 2/8 + 0?
1
What is the remainder when 78 is divided by 85/(-17)*((3 - 6) + 1)?
8
Let o(n) = 2*n**3 - 10*n**2 + 12*n - 8. Calculate the remainder when 20 is divided by o(4).
4
Let l(b) = -4*b + 1. Let t be l(1). Let i = 6 - t. Suppose -4*f + 115 = -i. What is the remainder when f is divided by 8?
7
Let r be (-1)/(-2)*(20/5 - 4). Suppose -135 = -5*b + 4*i - 9*i, r = -b - 5*i + 39. Calculate the remainder when b is divided by 15.
9
Suppose 503 - 2129 = -3*x. What is the remainder when x is divided by 16?
14
Let k(q) = q**2 + 9*q + 6. Let m be k(-8). What is the remainder when 48 - (7 + -8 - (-2)/m) is divided by 13?
11
Suppose -5*h + 2*r = -277, 2*h - 4*r - 18 = 96. Let s = 51 + h. Calculate the remainder when s is divided by 36.
34
Suppose 2*o + 4*u - 530 = 0, 29*o + 2*u = 26*o + 791. Calculate the remainder when o is divided by 11.
10
Let f = 56 + -3. What is the remainder when f is divided by 36?
17
Calculate the remainder when (-1 + -121)/(-11 + 9) is divided by 54.
7
Let x be 0 + (-32 - -1) + -2. Let y = 51 + x. What is the remainder when 69 is divided by y?
15
Let v = 885 + -809. Calculate the remainder when v is divided by 26.
24
Suppose -4*v - 5*t = 0, 3*v - 5*t = -10 + 45. Suppose -17 + 2 = -v*p. Suppose 0 = p*g + 6 - 21. What is the remainder when 19 is divided by g?
4
Let x(s) = s**3 - 13*s**2 + 18*s - 9. What is the remainder when 119 is divided by x(12)?
56
Suppose -163 = -5*t - 20*x + 19*x, 5*t = x + 157. Calculate the remainder when t is divided by 13.
6
Let r(k) = k**3 - 4*k**2 + 8*k - 5. Let c be r(5). Let o = c + -36. Let u = 13 + 1. Calculate the remainder when o is divided by u.
10
Suppose -p = -1 + 2. Let g be ((-15)/(-20))/(p/(-4)). Suppose g*n - 3*a - 79 = -a, -5*a = 25. Calculate the remainder when 90 is divided by n.
21
Let t be 2/8 - 74/8. Let h = 13 + t. Suppose 0 = h*j + 5*u - 15, -2*u + 0*u = 5*j - 40. What is the remainder when 67 is divided by j?
7
Let s(g) = -102*g - 72. Calculate the remainder when s(-3) is divided by 17.
13
Suppose 36 = 2*q - 70. Let k = q - 41. Calculate the remainder when 23 is divided by k.
11
Let z = 13 - -9. Suppose -12*g - 1129 = -2161. Calculate the remainder when g is divided by z.
20
Let z = -81 - -84. Suppose -5 = -4*m + z, -3*q = -m - 97. What is the remainder when q is divided by 10?
3
Suppose y = -3*z + 155, -y + 2*z + 157 = 6*z. What is the remainder when y is divided by 75?
74
What is the remainder when 122 is divided by 57 + 3 + 4 + -2?
60
What is the remainder when 7*(0 + (-4392)/(-42)) is divided by 35?
32
Suppose -d - 12 - 8 = 0. Let u = 63 + d. Calculate the remainder when 128 is divided by u.
42
Suppose 7*s = 5*s + 8. Suppose 4*d + 7 = -3*n, 4*n - n - 25 = s*d. Let p = n - -2. Calculate the remainder when 9 is divided by p.
4
Let q(n) = -5*n**3 - n**2 - 5*n - 3. Let x(l) = -9*l**3 - 2*l**2 - 11*l - 7. Let y(a) = 5*q(a) - 2*x(a). What is the remainder when 55 is divided by y(-1)?
7
Let c(d) = -3*d - 8. Let i be c(-6). Let p be (-6)/i*(-4 - 1). Let a = 3 + p. Calculate the remainder when a is divided by 2.
0
What is the remainder when 238 is divided by (4/2)/(-10) - (-3800)/250?
13
Suppose i - 58 + 3 = -2*x, 5*i = 4*x + 345. What is the remainder when 133 is divided by i?
3
Let r(h) = -3*h + h**2 + h + 2 - 4*h - h. Calculate the remainder when 36 is divided by r(9).
16
Let l(f) = 12*f**3 - 2*f**2 + 7*f - 6. Calculate the remainder when 42 is divided by l(1).
9
Suppose -84 = -4*j + 12. Let x = -72 + 88. What is the remainder when j is divided by x?
8
Suppose -2*f - 536 = -3*f - i, 0 = -4*f - 5*i + 2142. Calculate the remainder when f is divided by 15.
13
Suppose 3*w = -2*z + 6*z + 2846, z + 950 = w. What is the remainder when w is divided by 29?
26
Suppose -15*s = -6*s - 864. Suppose -4*n + 0*z + s = -z, 0 = 4*z - 16. Calculate the remainder when 72 is divided by n.
22
Let q = 327 - 202. Let o be (-4)/5*1720/(-16). Let c = q - o. Calculate the remainder when c is divided by 14.
11
Suppose k - v = -9, 2*k + 4*v = 7*k + 46. Let t = k - -13. Suppose 4*l + 304 = t*i, -3*i + 5*i = 2*l + 202. Calculate the remainder when i is divided by 26.
22
Suppose 5*y = 2*t + 128, 0 = 6*y - 2*y - 2*t - 102. Calculate the remainder when 256 is divided by y.
22
Suppose 9*v = 2*v + 49. Suppose 5*j = 3*c - v + 71, 0 = -3*c + 6. What is the remainder when 68 is divided by j?
12
Suppose 2*m + 24 = s, 60 = -5*m - 2*s - 2*s. What is the remainder when (-54)/m*4/3 is divided by 2?
0
Let y(b) = 228*b - 2258. Let o(m) = -18*m - 1. Calculate the remainder when o(-6) is divided by y(10).
19
Let r = -776 + 913. What is the remainder when r is divided by 18?
11
Let o(n) = -n**3 - 5*n**2 + 2*n - 7. Suppose -4*b = 4 - 12. Suppose 0 = -b*a + 5*g + 25, 3*a = 2*a + g + 8. What is the remainder when o(-6) is divided by a?
2
Calculate the remainder when (-5684)/(-35)*(-5)/(-2) is divided by 34.
32
Suppose 4*a + 8 = 8*a. Calculate the remainder when 59 is divided by 2004/132 + a/(-11).
14
Let f = -3 + 6. Let b = 8 + -6. Suppose -35 = -b*i - 5*r, 0 = -4*r + r + 15. Calculate the remainder when i is divide